Dec 02 15:09:57.595 INFO testing structopt-flags-0.2.1 against master#8940af3cea4a9a9deabcaf843b2f8cad9a83fc61 for beta-1.31-5
Dec 02 15:09:57.595 INFO running `"docker" "create" "-v" "/mnt/big/crater/work/local/target-dirs/beta-1.31-5/worker-2/master#8940af3cea4a9a9deabcaf843b2f8cad9a83fc61:/target:rw,Z" "-v" "/mnt/big/crater/work/local/test-source/worker-2/beta-1.31-5/master#8940af3cea4a9a9deabcaf843b2f8cad9a83fc61:/source:ro,Z" "-v" "/mnt/big/crater/work/local/cargo-home:/cargo-home:ro,Z" "-v" "/mnt/big/crater/work/local/rustup-home:/rustup-home:ro,Z" "-e" "USER_ID=1000" "-e" "SOURCE_DIR=/source" "-e" "USER_ID=1000" "-e" "CMD=cargo +8940af3cea4a9a9deabcaf843b2f8cad9a83fc61-alt build --frozen" "-e" "CARGO_TARGET_DIR=/target" "-e" "CARGO_INCREMENTAL=0" "-e" "RUST_BACKTRACE=full" "-e" "RUSTFLAGS=--cap-lints=warn" "-e" "CARGO_HOME=/cargo-home" "-e" "RUSTUP_HOME=/rustup-home" "-m" "1536M" "--network" "none" "crater"`
Dec 02 15:09:58.100 INFO [stdout] 7947bb34c57b770fd511ac688613859b4762111f3a95a74db63b2e8506a42ecb
Dec 02 15:09:58.107 INFO running `"docker" "start" "-a" "7947bb34c57b770fd511ac688613859b4762111f3a95a74db63b2e8506a42ecb"`
Dec 02 15:09:59.182 INFO [stderr] usermod: no changes
Dec 02 15:09:59.404 INFO [stderr]    Compiling semver v0.9.0
Dec 02 15:10:03.011 INFO [stderr]    Compiling cargo_metadata v0.5.8
Dec 02 15:10:06.954 INFO [stderr]    Compiling skeptic v0.13.3
Dec 02 15:10:10.069 INFO [stderr]    Compiling structopt-flags v0.2.1 (/source)
Dec 02 15:10:15.947 INFO [stderr]     Finished dev [unoptimized + debuginfo] target(s) in 16.72s
Dec 02 15:10:15.971 INFO [stderr] su: No module specific data is present
Dec 02 15:10:16.629 INFO running `"docker" "inspect" "7947bb34c57b770fd511ac688613859b4762111f3a95a74db63b2e8506a42ecb"`
Dec 02 15:10:16.907 INFO running `"docker" "rm" "-f" "7947bb34c57b770fd511ac688613859b4762111f3a95a74db63b2e8506a42ecb"`
Dec 02 15:10:17.199 INFO [stdout] 7947bb34c57b770fd511ac688613859b4762111f3a95a74db63b2e8506a42ecb
Dec 02 15:10:17.200 INFO running `"docker" "create" "-v" "/mnt/big/crater/work/local/target-dirs/beta-1.31-5/worker-2/master#8940af3cea4a9a9deabcaf843b2f8cad9a83fc61:/target:rw,Z" "-v" "/mnt/big/crater/work/local/test-source/worker-2/beta-1.31-5/master#8940af3cea4a9a9deabcaf843b2f8cad9a83fc61:/source:ro,Z" "-v" "/mnt/big/crater/work/local/cargo-home:/cargo-home:ro,Z" "-v" "/mnt/big/crater/work/local/rustup-home:/rustup-home:ro,Z" "-e" "USER_ID=1000" "-e" "SOURCE_DIR=/source" "-e" "USER_ID=1000" "-e" "CMD=cargo +8940af3cea4a9a9deabcaf843b2f8cad9a83fc61-alt test --frozen --no-run" "-e" "CARGO_TARGET_DIR=/target" "-e" "CARGO_INCREMENTAL=0" "-e" "RUST_BACKTRACE=full" "-e" "RUSTFLAGS=--cap-lints=warn" "-e" "CARGO_HOME=/cargo-home" "-e" "RUSTUP_HOME=/rustup-home" "-m" "1536M" "--network" "none" "crater"`
Dec 02 15:10:17.659 INFO [stdout] 40e7edc543af8447e747407b6c4f402374a67367f18ebefbf7c26c35d39ae699
Dec 02 15:10:17.667 INFO running `"docker" "start" "-a" "40e7edc543af8447e747407b6c4f402374a67367f18ebefbf7c26c35d39ae699"`
Dec 02 15:10:19.134 INFO [stderr] usermod: no changes
Dec 02 15:10:19.399 INFO [stderr]    Compiling assert_cmd v0.10.2
Dec 02 15:10:21.987 INFO [stderr]    Compiling structopt-flags v0.2.1 (/source)
Dec 02 15:10:54.767 INFO [stderr]     Finished dev [unoptimized + debuginfo] target(s) in 35.60s
Dec 02 15:10:54.787 INFO [stderr] su: No module specific data is present
Dec 02 15:10:56.013 INFO running `"docker" "inspect" "40e7edc543af8447e747407b6c4f402374a67367f18ebefbf7c26c35d39ae699"`
Dec 02 15:10:56.280 INFO running `"docker" "rm" "-f" "40e7edc543af8447e747407b6c4f402374a67367f18ebefbf7c26c35d39ae699"`
Dec 02 15:10:56.623 INFO [stdout] 40e7edc543af8447e747407b6c4f402374a67367f18ebefbf7c26c35d39ae699
Dec 02 15:10:56.627 INFO running `"docker" "create" "-v" "/mnt/big/crater/work/local/target-dirs/beta-1.31-5/worker-2/master#8940af3cea4a9a9deabcaf843b2f8cad9a83fc61:/target:rw,Z" "-v" "/mnt/big/crater/work/local/test-source/worker-2/beta-1.31-5/master#8940af3cea4a9a9deabcaf843b2f8cad9a83fc61:/source:ro,Z" "-v" "/mnt/big/crater/work/local/cargo-home:/cargo-home:ro,Z" "-v" "/mnt/big/crater/work/local/rustup-home:/rustup-home:ro,Z" "-e" "USER_ID=1000" "-e" "SOURCE_DIR=/source" "-e" "USER_ID=1000" "-e" "CMD=cargo +8940af3cea4a9a9deabcaf843b2f8cad9a83fc61-alt test --frozen" "-e" "CARGO_TARGET_DIR=/target" "-e" "CARGO_INCREMENTAL=0" "-e" "RUST_BACKTRACE=full" "-e" "RUSTFLAGS=--cap-lints=warn" "-e" "CARGO_HOME=/cargo-home" "-e" "RUSTUP_HOME=/rustup-home" "-m" "1536M" "--network" "none" "crater"`
Dec 02 15:10:57.113 INFO [stdout] 0b1549f9944800b21a46fd75dda66b7eb7e961dd462daa55e02e5911f9ff9cf5
Dec 02 15:10:57.115 INFO running `"docker" "start" "-a" "0b1549f9944800b21a46fd75dda66b7eb7e961dd462daa55e02e5911f9ff9cf5"`
Dec 02 15:10:58.559 INFO [stderr] usermod: no changes
Dec 02 15:10:58.767 INFO [stderr]     Finished dev [unoptimized + debuginfo] target(s) in 0.19s
Dec 02 15:10:58.787 INFO [stderr]      Running /target/debug/deps/structopt_flags-bf4acf3fcd83da58
Dec 02 15:10:58.797 INFO [stdout] 
Dec 02 15:10:58.797 INFO [stdout] running 0 tests
Dec 02 15:10:58.797 INFO [stdout] 
Dec 02 15:10:58.797 INFO [stdout] test result: ok. 0 passed; 0 failed; 0 ignored; 0 measured; 0 filtered out
Dec 02 15:10:58.797 INFO [stdout] 
Dec 02 15:10:58.803 INFO [stderr]      Running /target/debug/deps/hostip-4ed9d02965eeeeef
Dec 02 15:10:58.803 INFO [stdout] 
Dec 02 15:10:58.803 INFO [stdout] running 32 tests
Dec 02 15:11:58.803 INFO [stdout] test test_hostip_4 ... test test_hostip_4 has been running for over 60 seconds
Dec 02 15:11:58.803 INFO [stdout] test test_hostip_2 ... test test_hostip_2 has been running for over 60 seconds
Dec 02 15:11:58.803 INFO [stdout] test test_hostip_1 ... test test_hostip_1 has been running for over 60 seconds
Dec 02 15:11:58.803 INFO [stdout] test test_hostip_3 ... test test_hostip_3 has been running for over 60 seconds
Dec 02 15:11:58.831 INFO [stdout] test test_hostip_5 ... test test_hostip_5 has been running for over 60 seconds
Dec 02 15:11:58.831 INFO [stdout] test test_hostip_6 ... test test_hostip_6 has been running for over 60 seconds
Dec 02 15:11:58.873 INFO [stdout] test test_hostipparam_1 ... test test_hostipparam_1 has been running for over 60 seconds
Dec 02 15:11:58.880 INFO [stdout] test test_hostipparam_2 ... test test_hostipparam_2 has been running for over 60 seconds
Dec 02 15:13:19.503 INFO [stdout] test test_hostip_1 ... ok
Dec 02 15:13:19.575 INFO [stdout] test test_hostip_2 ... ok
Dec 02 15:13:19.659 INFO [stdout] test test_hostip_3 ... ok
Dec 02 15:13:22.587 INFO [stdout] test test_hostipparam_2 ... ok
Dec 02 15:13:22.663 INFO [stdout] test test_hostip_6 ... ok
Dec 02 15:13:22.747 INFO [stdout] test test_hostip_4 ... ok
Dec 02 15:13:22.843 INFO [stdout] test test_hostip_5 ... ok
Dec 02 15:13:22.899 INFO [stdout] test test_hostipparam_1 ... ok
Dec 02 15:13:22.930 INFO [stdout] test test_hostipparam_3 ... ok
Dec 02 15:13:23.047 INFO [stdout] test test_hostipparam_5 ... ok
Dec 02 15:13:23.115 INFO [stdout] test test_hostipparam_4 ... ok
Dec 02 15:13:26.111 INFO [stdout] test test_hostipv4_2 ... ok
Dec 02 15:13:26.263 INFO [stdout] test test_hostipv4_1 ... ok
Dec 02 15:13:26.327 INFO [stdout] test test_hostipparam_6 ... ok
Dec 02 15:13:26.395 INFO [stdout] test test_hostipv4_3 ... ok
Dec 02 15:13:26.463 INFO [stdout] test test_hostipv4_4 ... ok
Dec 02 15:13:26.600 INFO [stdout] test test_hostipv4_5 ... ok
Dec 02 15:13:29.567 INFO [stdout] test test_hostipv4param_1 ... ok
Dec 02 15:13:29.687 INFO [stdout] test test_hostipv4param_2 ... ok
Dec 02 15:13:29.883 INFO [stdout] test test_hostipv4param_3 ... ok
Dec 02 15:13:30.019 INFO [stdout] test test_hostipv4param_4 ... ok
Dec 02 15:13:30.107 INFO [stdout] test test_hostipv4param_5 ... ok
Dec 02 15:13:32.984 INFO [stdout] test test_hostipv6_5 ... ok
Dec 02 15:13:33.091 INFO [stdout] test test_hostipv6_1 ... ok
Dec 02 15:13:33.211 INFO [stdout] test test_hostipv6_2 ... ok
Dec 02 15:13:33.263 INFO [stdout] test test_hostipv6_3 ... ok
Dec 02 15:13:33.339 INFO [stdout] test test_hostipv6_4 ... ok
Dec 02 15:13:36.712 INFO [stdout] test test_hostipv6param_2 ... ok
Dec 02 15:13:36.743 INFO [stdout] test test_hostipv6param_1 ... ok
Dec 02 15:13:36.811 INFO [stdout] test test_hostipv6param_3 ... ok
Dec 02 15:13:36.870 INFO [stdout] test test_hostipv6param_4 ... ok
Dec 02 15:13:36.920 INFO [stdout] test test_hostipv6param_5 ... ok
Dec 02 15:13:36.920 INFO [stdout] 
Dec 02 15:13:36.920 INFO [stdout] test result: ok. 32 passed; 0 failed; 0 ignored; 0 measured; 0 filtered out
Dec 02 15:13:36.920 INFO [stdout] 
Dec 02 15:13:36.920 INFO [stderr]      Running /target/debug/deps/logopt-273bf0b9cb06b7b6
Dec 02 15:13:36.956 INFO [stdout] 
Dec 02 15:13:36.956 INFO [stdout] running 16 tests
Dec 02 15:13:40.341 INFO [stdout] test test_logopt_3 ... ok
Dec 02 15:13:42.835 INFO [stdout] test test_logopt_nodef_4 ... ok
Dec 02 15:13:42.944 INFO [stdout] test test_logopt_4 ... ok
Dec 02 15:13:43.059 INFO [stdout] test test_logopt_nodef_2 ... ok
Dec 02 15:13:43.147 INFO [stdout] test test_logopt_2 ... ok
Dec 02 15:13:43.256 INFO [stdout] test test_logopt_nodef_1 ... ok
Dec 02 15:13:43.337 INFO [stdout] test test_logopt_nodef_3 ... ok
Dec 02 15:13:43.383 INFO [stdout] test test_logopt_1 ... ok
Dec 02 15:13:45.881 INFO [stdout] test test_logoptlower_1 ... ok
Dec 02 15:13:48.203 INFO [stdout] test test_logoptlower_nodef_1 ... ok
Dec 02 15:13:48.255 INFO [stdout] test test_logoptlower_nodef_3 ... ok
Dec 02 15:13:48.374 INFO [stdout] test test_logoptlower_3 ... ok
Dec 02 15:13:48.451 INFO [stdout] test test_logoptlower_2 ... ok
Dec 02 15:13:48.530 INFO [stdout] test test_logoptlower_4 ... ok
Dec 02 15:13:48.579 INFO [stdout] test test_logoptlower_nodef_4 ... ok
Dec 02 15:13:48.614 INFO [stdout] test test_logoptlower_nodef_2 ... ok
Dec 02 15:13:48.614 INFO [stdout] 
Dec 02 15:13:48.614 INFO [stdout] test result: ok. 16 passed; 0 failed; 0 ignored; 0 measured; 0 filtered out
Dec 02 15:13:48.614 INFO [stdout] 
Dec 02 15:13:48.616 INFO [stderr]      Running /target/debug/deps/skeptic-461a2ac20d086628
Dec 02 15:13:48.663 INFO [stdout] 
Dec 02 15:13:48.663 INFO [stdout] running 1 test
Dec 02 15:14:48.663 INFO [stdout] test readme_sect_getting_started_line_20 ... test readme_sect_getting_started_line_20 has been running for over 60 seconds
Dec 02 15:15:10.414 INFO [stderr] error[E0277]: the trait bound `structopt_flags::Verbose: structopt::StructOpt` is not satisfied
Dec 02 15:15:10.414 INFO [stderr]   --> /tmp/rust-skeptic.4k7LwzKI85YR/test.rs:12:17
Dec 02 15:15:10.414 INFO [stderr]    |
Dec 02 15:15:10.414 INFO [stderr] 12 | #[derive(Debug, StructOpt)]
Dec 02 15:15:10.414 INFO [stderr]    |                 ^^^^^^^^^ the trait `structopt::StructOpt` is not implemented for `structopt_flags::Verbose`
Dec 02 15:15:10.414 INFO [stderr]    |
Dec 02 15:15:10.414 INFO [stderr]    = note: required by `structopt::StructOpt::from_clap`
Dec 02 15:15:10.414 INFO [stderr] 
Dec 02 15:15:10.414 INFO [stderr] error[E0308]: mismatched types
Dec 02 15:15:10.414 INFO [stderr]   --> /tmp/rust-skeptic.4k7LwzKI85YR/test.rs:12:17
Dec 02 15:15:10.414 INFO [stderr]    |
Dec 02 15:15:10.414 INFO [stderr] 12 | #[derive(Debug, StructOpt)]
Dec 02 15:15:10.414 INFO [stderr]    |                 ^^^^^^^^^ expected struct `clap::app::App`, found struct `structopt::clap::App`
Dec 02 15:15:10.414 INFO [stderr]    |
Dec 02 15:15:10.414 INFO [stderr]    = note: expected type `clap::app::App<'_, '_>`
Dec 02 15:15:10.414 INFO [stderr]               found type `structopt::clap::App<'a, 'b>`
Dec 02 15:15:10.414 INFO [stderr] note: Perhaps two different versions of crate `clap` are being used?
Dec 02 15:15:10.414 INFO [stderr]   --> /tmp/rust-skeptic.4k7LwzKI85YR/test.rs:12:17
Dec 02 15:15:10.414 INFO [stderr]    |
Dec 02 15:15:10.414 INFO [stderr] 12 | #[derive(Debug, StructOpt)]
Dec 02 15:15:10.414 INFO [stderr]    |                 ^^^^^^^^^
Dec 02 15:15:10.414 INFO [stderr] 
Dec 02 15:15:10.414 INFO [stderr] error[E0308]: mismatched types
Dec 02 15:15:10.414 INFO [stderr]   --> /tmp/rust-skeptic.4k7LwzKI85YR/test.rs:12:17
Dec 02 15:15:10.414 INFO [stderr]    |
Dec 02 15:15:10.414 INFO [stderr] 12 | #[derive(Debug, StructOpt)]
Dec 02 15:15:10.414 INFO [stderr]    |                 ^^^^^^^^^ expected enum `clap::app::settings::AppSettings`, found enum `structopt::clap::AppSettings`
Dec 02 15:15:10.414 INFO [stderr]    |
Dec 02 15:15:10.414 INFO [stderr]    = note: expected type `clap::app::settings::AppSettings`
Dec 02 15:15:10.414 INFO [stderr]               found type `structopt::clap::AppSettings`
Dec 02 15:15:10.414 INFO [stderr] note: Perhaps two different versions of crate `clap` are being used?
Dec 02 15:15:10.414 INFO [stderr]   --> /tmp/rust-skeptic.4k7LwzKI85YR/test.rs:12:17
Dec 02 15:15:10.414 INFO [stderr]    |
Dec 02 15:15:10.414 INFO [stderr] 12 | #[derive(Debug, StructOpt)]
Dec 02 15:15:10.414 INFO [stderr]    |                 ^^^^^^^^^
Dec 02 15:15:10.414 INFO [stderr] 
Dec 02 15:15:10.414 INFO [stderr] error[E0308]: mismatched types
Dec 02 15:15:10.414 INFO [stderr]   --> /tmp/rust-skeptic.4k7LwzKI85YR/test.rs:12:17
Dec 02 15:15:10.414 INFO [stderr]    |
Dec 02 15:15:10.414 INFO [stderr] 12 | #[derive(Debug, StructOpt)]
Dec 02 15:15:10.414 INFO [stderr]    |                 ^^^^^^^^^ expected struct `structopt::clap::App`, found struct `clap::app::App`
Dec 02 15:15:10.414 INFO [stderr]    |
Dec 02 15:15:10.414 INFO [stderr]    = note: expected type `structopt::clap::App<'a, 'b>`
Dec 02 15:15:10.414 INFO [stderr]               found type `clap::app::App<'_, '_>`
Dec 02 15:15:10.414 INFO [stderr] note: Perhaps two different versions of crate `clap` are being used?
Dec 02 15:15:10.414 INFO [stderr]   --> /tmp/rust-skeptic.4k7LwzKI85YR/test.rs:12:17
Dec 02 15:15:10.414 INFO [stderr]    |
Dec 02 15:15:10.414 INFO [stderr] 12 | #[derive(Debug, StructOpt)]
Dec 02 15:15:10.414 INFO [stderr]    |                 ^^^^^^^^^
Dec 02 15:15:10.414 INFO [stderr] 
Dec 02 15:15:10.414 INFO [stderr] error: aborting due to 4 previous errors
Dec 02 15:15:10.414 INFO [stderr] 
Dec 02 15:15:10.414 INFO [stderr] Some errors occurred: E0277, E0308.
Dec 02 15:15:10.414 INFO [stderr] For more information about an error, try `rustc --explain E0277`.
Dec 02 15:15:10.447 INFO [stdout] test readme_sect_getting_started_line_20 ... FAILED
Dec 02 15:15:10.447 INFO [stdout] 
Dec 02 15:15:10.447 INFO [stdout] failures:
Dec 02 15:15:10.447 INFO [stdout] 
Dec 02 15:15:10.447 INFO [stdout] ---- readme_sect_getting_started_line_20 stdout ----
Dec 02 15:15:10.447 INFO [stdout] thread 'readme_sect_getting_started_line_20' panicked at 'Command failed:
Dec 02 15:15:10.447 INFO [stdout] "rustc" "/tmp/rust-skeptic.4k7LwzKI85YR/test.rs" "--verbose" "--crate-type=bin" "-L" "/target/debug" "-L" "/target/debug/deps" "--target" "x86_64-unknown-linux-gnu" "--extern" "assert_cmd=/target/debug/deps/libassert_cmd-5fa153468506d259.rlib" "--extern" "skeptic=/target/debug/deps/libskeptic-e67150dd8d0430c4.rlib" "--extern" "failure=/target/debug/deps/libfailure-f155b6fb82bb8a4d.rlib" "--extern" "structopt_flags=/target/debug/deps/libstructopt_flags-edf6905e19a7940c.rlib" "--extern" "structopt=/target/debug/deps/libstructopt-15522f40c6db69ed.rlib" "--extern" "log=/target/debug/deps/liblog-44991222bc8c31f9.rlib" "-o" "/tmp/rust-skeptic.4k7LwzKI85YR/out.exe"', /cargo-home/registry/src/github.com-1ecc6299db9ec823/skeptic-0.13.3/lib.rs:835:13
Dec 02 15:15:10.447 INFO [stdout] stack backtrace:
Dec 02 15:15:10.447 INFO [stdout]    0:     0x55c1a944015f - std::sys::unix::backtrace::tracing::imp::unwind_backtrace::h3a8b83e1922cbdde
Dec 02 15:15:10.447 INFO [stdout]                                at libstd/sys/unix/backtrace/tracing/gcc_s.rs:49
Dec 02 15:15:10.447 INFO [stdout]    1:     0x55c1a944ce47 - std::sys_common::backtrace::print::h00d3155a29b4020f
Dec 02 15:15:10.447 INFO [stdout]                                at libstd/sys_common/backtrace.rs:71
Dec 02 15:15:10.447 INFO [stdout]                                at libstd/sys_common/backtrace.rs:59
Dec 02 15:15:10.447 INFO [stdout]    2:     0x55c1a944592f - std::panicking::default_hook::{{closure}}::hd7465c742e79e1bb
Dec 02 15:15:10.447 INFO [stdout]                                at libstd/panicking.rs:211
Dec 02 15:15:10.447 INFO [stdout]    3:     0x55c1a944562e - std::panicking::default_hook::h9e3966f2aa2a6e12
Dec 02 15:15:10.447 INFO [stdout]                                at libstd/panicking.rs:221
Dec 02 15:15:10.447 INFO [stdout]    4:     0x55c1a944600e - std::panicking::rust_panic_with_hook::h587f091ae747d080
Dec 02 15:15:10.447 INFO [stdout]                                at libstd/panicking.rs:476
Dec 02 15:15:10.447 INFO [stdout]    5:     0x55c1a9445bb1 - std::panicking::continue_panic_fmt::hb3a4fdede87f43a8
Dec 02 15:15:10.447 INFO [stdout]                                at libstd/panicking.rs:390
Dec 02 15:15:10.447 INFO [stdout]    6:     0x55c1a9445afe - std::panicking::begin_panic_fmt::h387afc7da9a10555
Dec 02 15:15:10.447 INFO [stdout]                                at libstd/panicking.rs:345
Dec 02 15:15:10.447 INFO [stdout]    7:     0x55c1a92e859c - skeptic::rt::interpret_output::h3a9d5f0cf06a9777
Dec 02 15:15:10.447 INFO [stdout]                                at /cargo-home/registry/src/github.com-1ecc6299db9ec823/skeptic-0.13.3/lib.rs:835
Dec 02 15:15:10.447 INFO [stdout]    8:     0x55c1a92e7cbe - skeptic::rt::compile_test_case::h94a5cd6b0eaa4aff
Dec 02 15:15:10.447 INFO [stdout]                                at /cargo-home/registry/src/github.com-1ecc6299db9ec823/skeptic-0.13.3/lib.rs:813
Dec 02 15:15:10.447 INFO [stdout]    9:     0x55c1a92e7177 - skeptic::rt::run_test::h51d6cfdd3c8a09a1
Dec 02 15:15:10.447 INFO [stdout]                                at /cargo-home/registry/src/github.com-1ecc6299db9ec823/skeptic-0.13.3/lib.rs:737
Dec 02 15:15:10.447 INFO [stdout]   10:     0x55c1a929e8aa - skeptic::readme_sect_getting_started_line_20::h421dab0ec823b06e
Dec 02 15:15:10.447 INFO [stdout]                                at /target/debug/build/structopt-flags-605c9dec0cbaa75c/out/skeptic-tests.rs:28
Dec 02 15:15:10.447 INFO [stdout]   11:     0x55c1a929e769 - skeptic::readme_sect_getting_started_line_20::{{closure}}::hbfbaad3b45f6d5bc
Dec 02 15:15:10.447 INFO [stdout]                                at /target/debug/build/structopt-flags-605c9dec0cbaa75c/out/skeptic-tests.rs:2
Dec 02 15:15:10.447 INFO [stdout]   12:     0x55c1a929e64d - core::ops::function::FnOnce::call_once::h16854f89699e5cb3
Dec 02 15:15:10.447 INFO [stdout]                                at libcore/ops/function.rs:238
Dec 02 15:15:10.447 INFO [stdout]   13:     0x55c1a92a057e - <F as alloc::boxed::FnBox<A>>::call_box::hac903f91577a156c
Dec 02 15:15:10.447 INFO [stdout]                                at libtest/lib.rs:1468
Dec 02 15:15:10.447 INFO [stdout]                                at libcore/ops/function.rs:238
Dec 02 15:15:10.447 INFO [stdout]                                at liballoc/boxed.rs:672
Dec 02 15:15:10.447 INFO [stdout]   14:     0x55c1a9457df9 - __rust_maybe_catch_panic
Dec 02 15:15:10.447 INFO [stdout]                                at libpanic_unwind/lib.rs:102
Dec 02 15:15:10.447 INFO [stdout]   15:     0x55c1a92c21d2 - std::sys_common::backtrace::__rust_begin_short_backtrace::hb8f0d0309526c184
Dec 02 15:15:10.447 INFO [stdout]                                at libstd/panicking.rs:289
Dec 02 15:15:10.447 INFO [stdout]                                at libstd/panic.rs:392
Dec 02 15:15:10.447 INFO [stdout]                                at libtest/lib.rs:1423
Dec 02 15:15:10.447 INFO [stdout]                                at libstd/sys_common/backtrace.rs:136
Dec 02 15:15:10.447 INFO [stdout]   16:     0x55c1a92c2c84 - std::panicking::try::do_call::hc2f7c8b9a348d8db
Dec 02 15:15:10.447 INFO [stdout]                                at libstd/thread/mod.rs:409
Dec 02 15:15:10.447 INFO [stdout]                                at libstd/panic.rs:313
Dec 02 15:15:10.447 INFO [stdout]                                at libstd/panicking.rs:310
Dec 02 15:15:10.447 INFO [stdout]   17:     0x55c1a9457df9 - __rust_maybe_catch_panic
Dec 02 15:15:10.447 INFO [stdout]                                at libpanic_unwind/lib.rs:102
Dec 02 15:15:10.447 INFO [stdout]   18:     0x55c1a92afebc - <F as alloc::boxed::FnBox<A>>::call_box::h6bfded618e480b32
Dec 02 15:15:10.447 INFO [stdout]                                at libstd/panicking.rs:289
Dec 02 15:15:10.447 INFO [stdout]                                at libstd/panic.rs:392
Dec 02 15:15:10.447 INFO [stdout]                                at libstd/thread/mod.rs:408
Dec 02 15:15:10.447 INFO [stdout]                                at liballoc/boxed.rs:672
Dec 02 15:15:10.448 INFO [stdout]   19:     0x55c1a944287d - std::sys_common::thread::start_thread::h4c28257d67cdf9cb
Dec 02 15:15:10.448 INFO [stdout]                                at liballoc/boxed.rs:682
Dec 02 15:15:10.448 INFO [stdout]                                at libstd/sys_common/thread.rs:24
Dec 02 15:15:10.448 INFO [stdout]   20:     0x55c1a94343c5 - std::sys::unix::thread::Thread::new::thread_start::hfecb2e7eff8fd34f
Dec 02 15:15:10.448 INFO [stdout]                                at libstd/sys/unix/thread.rs:90
Dec 02 15:15:10.448 INFO [stdout]   21:     0x7f86023d46b9 - start_thread
Dec 02 15:15:10.448 INFO [stdout]   22:     0x7f8601ef441c - clone
Dec 02 15:15:10.448 INFO [stdout]   23:                0x0 - <unknown>
Dec 02 15:15:10.448 INFO [stdout] 
Dec 02 15:15:10.448 INFO [stdout] 
Dec 02 15:15:10.448 INFO [stdout] failures:
Dec 02 15:15:10.448 INFO [stdout]     readme_sect_getting_started_line_20
Dec 02 15:15:10.448 INFO [stdout] 
Dec 02 15:15:10.448 INFO [stdout] test result: FAILED. 0 passed; 1 failed; 0 ignored; 0 measured; 0 filtered out
Dec 02 15:15:10.448 INFO [stdout] 
Dec 02 15:15:10.450 INFO [stderr] error: test failed, to rerun pass '--test skeptic'
Dec 02 15:15:10.450 INFO [stderr] su: No module specific data is present
Dec 02 15:15:10.945 INFO running `"docker" "inspect" "0b1549f9944800b21a46fd75dda66b7eb7e961dd462daa55e02e5911f9ff9cf5"`
Dec 02 15:15:11.108 INFO running `"docker" "rm" "-f" "0b1549f9944800b21a46fd75dda66b7eb7e961dd462daa55e02e5911f9ff9cf5"`
Dec 02 15:15:11.239 INFO [stdout] 0b1549f9944800b21a46fd75dda66b7eb7e961dd462daa55e02e5911f9ff9cf5
